 134. Give z(-1).
20
Let m = -13 - -11. Let h(d) = 5*d**3 + 2*d**2 - 2*d. Let w be h(m). Let k = -31 - w. Let n(j) = -j**3 - 3*j**2 - 5*j - 4. What is n(k)?
11
Let x(n) be the first derivative of 4*n - 5/2*n**2 + 3 + 1/3*n**3. Suppose 12 + 12 = 6*b. What is x(b)?
0
Suppose 5*u + i + 4*i - 70 = 0, -5*i - 56 = -2*u. Let g = 24 - u. Let m(a) = 5*a - a**2 - 4*a + 6*a - g. What is m(6)?
0
Let j = -2 + 2. Let d(c) = -5*c**2 + 3*c + 1. Suppose -2*b = -8, l + 5*b = -2*l + 8. Let y(w) = -14*w**2 + 8*w + 4. Let a(v) = l*y(v) + 11*d(v). Calculate a(j).
-5
Let k(b) = -11*b**2 + 19*b + 5. Suppose 3*f = 11*f + 72. Let n(y) = -5*y**2 + 9*y + 2. Let u(a) = f*n(a) + 4*k(a). Give u(5).
2
Let y(s) be the third derivative of s**6/120 + 11*s**5/60 + 5*s**4/12 + 98*s**2. Calculate y(-10).
0
Let q(t) be the second derivative of -t**4/12 - 3*t**3/2 - 9*t**2/2 + 17*t. Calculate q(-4).
11
Let k(a) = 4*a + 8. Let l be (-2*(-8 + 6))/(-1). Determine k(l).
-8
Let n(f) = 2*f**2 - 13*f + 34. Let l(p) = 5*p**2 - 38*p + 100. Let y(t) = 3*l(t) - 8*n(t). Give y(-13).
-11
Suppose -w = -u + 8, 2*w - 37 = 6*w - 5*u. Let q = 15 + -10. Let s(f) = -f**2 - 2*f - 2. Let n(b) = 2*b**2 + 5*b + 3. Let d(l) = q*s(l) + 2*n(l). What is d(w)?
-13
Suppose 2 = -5*v + 22. Let u be (12/7)/(v/(-14)). Let t(x) = x + 11. What is t(u)?
5
Let g = -1 - -1. Let x(j) be the first derivative of j**4/24 + 11*j**2/2 - 5. Let m(n) be the second derivative of x(n). Determine m(g).
0
Let z be 4 - 2*(7 - 9). Let h(q) = -q + 9. Let t be h(5). Let v(w) = t - 2*w - 1 - z. What is v(-6)?
7
Let g(j) = 15*j - 12. Let x be g(1). Let v(k) be the second derivative of 5/2*k**2 + 1/12*k**4 + 0 + 7/6*k**x + 2*k. Determine v(-7).
5
Let g = -173 - -171. Let d(o) = 3*o**2 + 2*o. Determine d(g).
8
Let m(f) be the first derivative of 7*f**3 + f**2/2 + f - 23. Determine m(-1).
21
Suppose 205 = 69*w - 209. Let p(v) = 2 - 1 + 5 - v. Give p(w).
0
Let w(u) = u + 10. Let m(s) = -1. Let b(l) = 3*m(l) + w(l). Let g be b(-6). Let x(o) = 7*o**2 + 1. Calculate x(g).
8
Let h = -512 + 512. Let m(b) be the third derivative of h*b**4 + 0*b + 0 + b**2 - 1/6*b**3 - 1/60*b**5. What is m(0)?
-1
Let c(s) = -s**3 - 2*s + 1. Let g(x) = -3*x**3 - 6*x + 5. Let w(f) = -4*c(f) + g(f). Determine w(0).
1
Suppose -32 = -8*p + 16. Let x(y) = -2*y + 6. Give x(p).
-6
Let y be (-17)/(-6) - 4/(-24). Suppose -8*t - 20 = -y*t. Let p(v) = 2*v - 8. Let a(d) = -1. Let w(c) = -4*a(c) + p(c). Determine w(t).
-12
Suppose -32 = -4*z - 52. Let w be ((-4)/z)/(-2) + (-112)/20. Let c(j) be the second derivative of -j**5/20 - 7*j**4/12 - 7*j**3/6 - j**2 + j. What is c(w)?
4
Let j(h) be the third derivative of h**7/2520 - h**6/180 - 7*h**5/120 + 7*h**4/12 + 2*h**2. Let c(d) be the second derivative of j(d). Determine c(5).
-2
Let j(w) be the second derivative of w**3/3 + 2*w**2 + 2*w - 15. Let i = 4 + 0. What is j(i)?
12
Suppose 3*w = -0*j - 4*j + 20, 2*j + 2 = 0. Let n(s) = -s**3 + 9*s**2 - 8*s + 5. Let h be n(w). Let i(q) = 4*q - 2. Determine i(h).
18
Let b(m) = -90*m - 443. Let t be b(-5). Let p(n) = -n**2 + 5*n - 10. Determine p(t).
-24
Let k(w) = w**3 + 7*w**2 + 11*w - 4. Suppose 0 = -9*f - 73 + 28. What is k(f)?
-9
Suppose 0 = -6*l + 3*l. Let r be -5 + 1 - (l - 0). Let t(y) = 2*y + 5. What is t(r)?
-3
Let y = -2044 - -2048. Let j(n) = 2*n - 4. Calculate j(y).
4
Suppose -5*p = 14 + 6. Let r be (-2 + 0)/((-4)/(8/p)). Let z(o) = 2*o**2 + o + 0*o**2 + 0*o**2. Give z(r).
1
Let n(b) = 0 + 4*b + 3*b**3 - 3*b**2 - 5*b**3 - 1. Let d(f) = 5*f**2 + 2*f - 6. Let r be d(2). Let t be 3/(-7) - r*1/7. Give n(t).
14
Let m(w) = w - 7405*w**2 + 7406*w**2 + 4 + 6*w - 2*w. Determine m(-5).
4
Let b(g) = g**3 - 17*g**2 - g - 2. Let l be b(17). Let i = 15 + l. Let f(x) = -x**2 - 6*x - 2. Calculate f(i).
6
Suppose 5*q - 8 = -4*c, 0*c + 3*c = -3*q + 6. Let h(n) be the third derivative of -n**6/120 + n**5/60 + n**4/8 - n**3/6 - 2*n**2. Calculate h(c).
1
Let g(v) = 3*v + 56. Let x be g(-20). Let y be (-6)/(11/2 + x). Let c(m) = -3*m. What is c(y)?
12
Let a(b) = -b**2 - b + 1. Let x(z) be the third derivative of z**5/12 + z**4/8 - 5*z**3/6 - 12*z**2. Let l(s) = 6*a(s) + x(s). Give l(2).
-9
Let i be (-1 - 9)*(-2)/5. Let t(v) = 4*v**2 + 13*v + 7. Let r = -37 + 44. Let k(s) = 3*s**2 + 9*s + 5. Let x(z) = r*k(z) - 5*t(z). Determine x(i).
8
Let s(j) be the second derivative of 5*j**4/6 + j**3/6 + 7*j + 5. Calculate s(1).
11
Let v(f) = 3*f**2 - f - 1. Let p(o) = 16*o**2 - 6*o - 1. Let t(r) = -p(r) + 6*v(r). Give t(3).
13
Suppose 2*t - 65 + 159 = 0. Let y = t + 54. Let k(i) = i + 1. Give k(y).
8
Let h(b) = -28*b**2 + b**3 + b + 0*b**3 + 34*b**2 + 6. Calculate h(-6).
0
Let j(w) be the first derivative of -7*w**3/3 - w + 263. Let d be -1 + -4 + 3 - -3. Determine j(d).
-8
Let a(i) = -3*i - 9. Let r(b) = -b**3 - 6*b**2 + 7*b + 6. Let q be r(-7). Suppose 0 = -q*n + 6 - 42. Give a(n).
9
Let i(s) be the third derivative of s**4/24 - s**3/6 - 3*s**2 + 19. What is i(8)?
7
Let z(i) = -6*i**3 - 6*i**2 - i + 8. Let l(x) = 5*x**3 + 6*x**2 + 2*x - 9. Let u(m) = -7*l(m) - 6*z(m). Calculate u(7).
8
Let m(p) = p**3 - 3*p**2 - 4*p - 2. Let r(w) = 15*w**2 + 9*w - 6. Let u(l) = 8*l**2 + 5*l - 3. Let a(t) = 3*r(t) - 5*u(t). Let c be a(1). Determine m(c).
-2
Let a(o) = -o + 9. Let w be a(-17). Let c = 31 - w. Let f(i) = -4*i + 2 - 3 + 0 + i**2. What is f(c)?
4
Let p(i) = 5*i**2 + 45*i - 1. Let x(c) = 9*c - 288. Let a be x(31). Give p(a).
-1
Let t = -52 + 55. Let v(a) = a**3 - 3*a**2 - a + 2. Give v(t).
-1
Let d = -97 - -94. Let n(j) be the second derivative of -j**3/2 + 2*j**2 - j. What is n(d)?
13
Let q(p) = p**2 + 3*p - 2. Let y = 109 - 106. Calculate q(y).
16
Let x(l) = -l**3 - 4*l**2 + 5*l. Let q be x(-5). Let k(p) = 24754 - p + 3*p**2 + 0*p**2 - 24764 + p**2 - 5*p**2. Give k(q).
-10
Let u(p) be the first derivative of -1/2*p**2 - 4/3*p**3 - 18 - 2*p. Give u(-2).
-16
Let l(g) = -g + 2. Let m be l(4). Let b = m - 0. Let f(n) = -2 - 3*n**2 - 1 - 1283*n + 1279*n. Determine f(b).
-7
Let d(h) be the first derivative of -h**4/4 - 5*h**3/3 - h**2/2 + 3*h - 3. Let a = -26 + 29. Suppose 2*g = -2*q - 14, -3*g + 8*g = 3*q - a. Give d(g).
-12
Let g be 1*9*(-6)/(-18). Let d(l) = -5*l**3 - 3*l + 3 + 2*l**2 + 0*l + 6*l**g. Give d(-3).
3
Suppose 4*q - 12 = 0, 2*d = -5*q + 13 + 14. Let y(f) = 11*f - 7 + 12*f - 30*f + d*f. Determine y(-5).
-2
Let t(l) = -2*l**2 + 3*l + 1. Let w = 3 - 11. Let m be 6/(-8)*1*-8. Let n = w + m. What is t(n)?
-13
Let c(d) = d**3 - 18*d**2 - 21*d + 33. Suppose -23*s - 152 = -31*s. What is c(s)?
-5
Let f(b) = b**2 - 6*b - 9. Let j be (-56)/35*(-15)/6. What is f(j)?
-17
Let r(k) be the third derivative of -5/6*k**3 + 0 + 0*k**4 - 7/60*k**5 + 6*k**2 + 0*k + 1/120*k**6. What is r(7)?
-5
Let d(x) = -x**3 - 6*x**2 + 6*x - 5. Let w = 6 - 3. Suppose -w = -5*u - 38. Determine d(u).
2
Let u(l) = l**3 - 3*l**2 - l + 1. Let t(x) = 5*x**3 - 24*x**2 - 11*x + 6. Let m(a) = t(a) - 6*u(a). What is m(-5)?
0
Let s(k) be the third derivative of k**6/360 + k**5/120 + 3*k**4/8 - 30*k**2. Let b(l) be the second derivative of s(l). Determine b(-4).
-7
Suppose 2*s + 2*o = 3*o - 18, -4*o = -5*s - 51. Let y(t) be the third derivative of -t**6/120 - 3*t**5/20 - 5*t**4/12 - t**3/3 + 2*t**2 - 6*t. Give y(s).
-30
Let s be ((-15)/(-10))/((-1)/(-2)). Suppose -h = 2*r + 4, -h - s*h - 2*r + 8 = 0. Let f(j) = -3*j - 4. Give f(h).
-16
Let g(j) be the second derivative of j**5/20 - 5*j**3/6 - j**2 - 2*j - 158. What is g(-3)?
-14
Let l(o) = -1 + 3 - 79*o + 165*o - 87*o - 1. Suppose -9 + 3 = -3*y. Suppose d - y + 4 = 0. Give l(d).
3
Let d(x) = 2*x + 10. Suppose 0 = -26*p + 7*p - 2*p. Calculate d(p).
10
Let c(u) = u + 2. Let o(y) = 1. Let d(f) = -2*c(f) + 3*o(f). Give d(3).
-7
Let t(l) = -l**3 - 21*l**2 + 13*l - 197. Let q be t(-22). Let v(d) be the second derivative of 4*d**3/3 - d**2/2 + 2*d. Give v(q).
7
Let q = 225 - 57. Let w = 163 - q. Let c(h) = h**2 - 1 + 6*h + 5 + 0. Determine c(w).
-1
Let a(o) = -8*o**2 + 14*o**2 - 5*o**2 + 4*o - 3. Let p(t) = 5*t + 9. Let q be p(-3). Give a(q).
9
Let k(l) = 21*l**2 + 7*l + 4. Let a(n) = 25*n**2 + 8*n + 5. Let u(z) = 5*a(z) - 6*k(z). Calculate u(-2).
1
Let a be ((-279)/3)/(-8 + 5). Let q = a - 24. Let c(j) = j**3 - 8*j**2 + 6*j - 2. Calculate c(q).
-9
Suppose -13*x + 21 = -10*x. Let m(w) = 4 - x*w + 2 - 5*